 by 28.
26
Let a(h) = h - 8. Let b be a(8). Let n be b - (0 - 1)*2. Suppose -n*s + s = -20. Calculate the remainder when s is divided by 7.
6
Calculate the remainder when (-6 - 0) + 3 - -60 is divided by 1/(-3) - 92/(-6).
12
Suppose 50 = 5*b - 15. Let y(l) = l. Let t(o) = 6*o + 5. Let u(r) = -t(r) - 3*y(r). What is the remainder when u(-3) is divided by b?
9
Let c = 29 + -12. Let g = c - 6. Calculate the remainder when 32 is divided by g.
10
Let y = 262 + -261. What is the remainder when 5 is divided by y?
0
Let f be (-5)/(15/(-2))*-3. Let d be (f + -3)/(2/(-4)). Suppose -d = -3*y + y, -2*i = 3*y - 43. Calculate the remainder when i is divided by 5.
4
Let b(w) = -9*w + 11. What is the remainder when b(-11) is divided by (-2)/(-20) - 2790/(-100)?
26
Let c(i) = -i**3 - 4*i**2 - 2*i + 133. What is the remainder when c(0) is divided by 9?
7
Suppose 2*s + 65 = z, -z - 3*z + 260 = 2*s. Let i = z + -22. Calculate the remainder when 168 is divided by i.
39
Suppose 0 = 2*t - x - 29, -2*x = 5*t - x - 76. Calculate the remainder when (21/(-9))/(2/(-192)) is divided by t.
14
Let v = -28 + 33. Suppose 0 = -5*d - g + 56, 0 = -4*d - 0*g - v*g + 49. What is the remainder when d is divided by 5?
1
Suppose -18*z + 133 = 3*h - 14*z, 0 = 3*z + 6. What is the remainder when h is divided by 16?
15
Suppose 23*y - 170 - 198 = 0. Let c(w) = 12*w**2 + 2*w + 2. Calculate the remainder when c(-2) is divided by y.
14
Suppose -3*t = 2*v + 44 - 208, -4*v + 316 = 3*t. What is the remainder when 302 is divided by v?
74
Suppose -15*c + 26 = -4. Suppose 2 + 18 = -4*m. What is the remainder when 7 is divided by c/(-4) - m/2?
1
Suppose -5*l + 323 = u, l - 9*u + 4*u = 49. What is the remainder when 280 is divided by l?
24
Suppose 0 = -3*v, 63 = -3*a + 2*v + 9. Suppose -4*g + 40 = -5*r, 0*g + 5*r - 95 = -5*g. What is the remainder when (-26)/4*(a - -14) is divided by g?
11
Let r(f) = f**3 - 10*f**2 + 15*f - 18. Let q be r(9). Suppose -4*c + 4*z = -q - 8, -4 = -2*z. Calculate the remainder when c is divided by 7.
6
Suppose 0 = 15*n - 9*n - 162. Suppose 0 = -5*o - 2*b + 66, -4*o + 2*b + n = -15. What is the remainder when 26 is divided by o?
2
Let u(v) = 5*v**3 + 21*v**2 - 3*v. Calculate the remainder when u(6) is divided by 65.
63
Calculate the remainder when 60 is divided by -1 + 1/((-4)/(-132)).
28
Let c = 183 - 170. What is the remainder when 103 is divided by c?
12
Let o(p) = 125*p. Let z be o(1). Suppose -2*x + z = -1. Suppose 5*v + 2 = -3*w + x, 31 = w - v. Calculate the remainder when w is divided by 6.
3
Let h = 110 - 36. What is the remainder when h is divided by (((-28)/21)/4)/((-1)/75)?
24
Let r(k) be the second derivative of k**4/12 - 8*k**3/3 + 15*k**2 + 23*k. What is the remainder when 7 is divided by r(14)?
1
Let n = 361 + -340. Suppose -3*d + 452 - 140 = 0. Calculate the remainder when d is divided by n.
20
Let z = 330 + -39. What is the remainder when -2*z/18*-3 is divided by 33?
31
Let v = 171 - 81. Suppose -4*s = -s - v. Suppose 0 = -h - h + s. Calculate the remainder when 27 is divided by h.
12
Suppose 3*s - n = 176, 5*s + 4*n + 44 = 360. Suppose 3*r + 4*f = s, -4*r - f - 3*f = -76. Calculate the remainder when 43 is divided by r.
11
Let q(z) = -5 + 4*z - 3*z + 12. Let a be q(0). Suppose a*t + 2 = 9. What is the remainder when 1 is divided by t?
0
Suppose 3*c = 12, -4*g + c + 56 = 6*c. Calculate the remainder when g is divided by ((-40)/12)/((-6)/9).
4
Suppose -u - 4*o = -25, 6 + 6 = -4*o. Suppose u = 4*l - 23. Let y(b) = 6*b**2 + 5*b + 3. Calculate the remainder when y(-3) is divided by l.
12
Suppose -2 = -2*w + w. Suppose 2*f - 4 = -w*n, 2*f - 4*n - 8 = -5*n. Calculate the remainder when 24/(-2)*44/(-33) is divided by f.
4
Suppose -407 = -6*b - 35. Calculate the remainder when 306 is divided by b.
58
Calculate the remainder when 68 is divided by 3/(-4)*220/(-15).
2
Let d = 278 + -250. What is the remainder when 500 is divided by d?
24
Suppose 4*m - 124 = -4*s, 4*m + 3*s = 4*s + 104. Let o be (-4)/(-6) - (-8)/(-12). Let p = o + 10. What is the remainder when m is divided by p?
7
Let o = -1647 + 1662. What is the remainder when 2126 is divided by o?
11
Let d be (1 + 2)*(-10)/(-15). Suppose -4*t = d + 2. Calculate the remainder when (t - -4)/(-9)*-36 is divided by 7.
5
Calculate the remainder when 321 is divided by (80 - 1)*(-29 + 30).
5
Suppose -19*z + 2077 = -4516. Calculate the remainder when z is divided by 12.
11
Let y(l) be the first derivative of 4*l**3/3 - l**2 - 2*l + 1. Suppose 3*h - 37 = 7*c - 2*c, 56 = 4*h - 5*c. Calculate the remainder when h is divided by y(2).
9
Suppose -5*c + 28 = -4*w + 105, 0 = -5*c + w - 83. Let o = c - -27. Let k(f) = f**2 - 2*f - 6. What is the remainder when k(7) is divided by o?
9
Suppose 0 + 8 = -4*j, 2*m - 626 = -2*j. Calculate the remainder when m is divided by 81.
72
Suppose 65 = i - 275. Calculate the remainder when i is divided by 29.
21
Let i = -21 + 24. Suppose 0 = r - d - 3, -3*d + 0*d = i*r + 3. What is the remainder when (3 - 7) + r + 40 is divided by 13?
11
Let m(r) = 5*r**2 + 24*r + 72. What is the remainder when 166 is divided by m(-3)?
31
Let w(f) = -2*f + 21. Let g be w(10). What is the remainder when (3 + -4)/((-6)/(-7) - g) is divided by 5?
2
Let h(g) = 12*g - 66. Let i be h(-19). What is the remainder when (-5 - -6) + i/(-2) is divided by 39?
31
Suppose 0 = 4*o + b - 44, -3*b - 11 = 5*o - 6*o. Let l = 108 + -90. Let s = l - 15. Calculate the remainder when o is divided by s.
2
Let g = 301 + -295. Suppose 5*u = u + 8. What is the remainder when g is divided by u?
0
Let x(b) = -41*b**3 - 3*b**2 - 2*b - 1. Suppose 0 = 5*q - 10, -3*q + 283 = 5*l - 298. What is the remainder when l is divided by x(-1)?
37
Suppose 0 = -8*t + 225 + 71. Calculate the remainder when 150 is divided by (t - -1) + -1 + 1.
36
Suppose -3*p = -p - 48. Let i = 18 + p. Calculate the remainder when i is divided by 219/15 - ((-48)/20)/6.
12
Suppose 0 = -2*h + 345 - 253. Suppose -3*m = -2*q + 20, -q - 3*m = -36 + 8. What is the remainder when h is divided by q?
14
Suppose -4*u + 2*u + 4*w + 718 = 0, 15 = 5*w. What is the remainder when u is divided by 16?
13
Suppose -5*w = 3*x - 6, 4*w = 15 - 3. Suppose -8*p + 126 = -2*p. Calculate the remainder when (-121)/x - 1/3 is divided by p.
19
What is the remainder when 29 is divided by ((-74)/(-259))/((-1)/(-42))?
5
Suppose 3*w + 224 = -235. Let m = -128 - w. Calculate the remainder when 98 is divided by m.
23
Calculate the remainder when 606 is divided by 0 + -1 + 118 - (1 - 6).
118
Suppose 3*i + 4*g - 4 = -8, -i - 2 = 2*g. Suppose -62 - 68 = -2*w - 3*m, -5*w - m + 338 = i. Calculate the remainder when w is divided by 27.
14
Suppose 5*r + 6*c = 3*c + 622, 0 = -4*c + 16. Let q = r - 99. What is the remainder when 39 is divided by q?
16
Suppose -2*y - 19 = -65. Suppose -2*s = c - 129, 0 = 5*c + 13 + 2. What is the remainder when s is divided by y?
20
Let r(x) = -2*x - 2. Let h be r(-3). Let k = h - 2. What is the remainder when 79 is divided by (9 - 0 - -1)*k?
19
Suppose 2*j - 3 = y, -2*j + 6*j + 4*y = 0. Calculate the remainder when 24 is divided by j + -1 - (-44)/4.
2
Suppose -6*w + 8 = -4*w. Calculate the remainder when 9 is divided by 54/(-45)*(-10)/w.
0
Let y = -102 - -118. What is the remainder when 30 is divided by y?
14
Let n(a) = -a**2 - 12*a - 21. Let f(s) = -15*s - 19. Calculate the remainder when f(-3) is divided by n(-6).
11
Suppose 44 = 5*s - 2*q, -3*s + 16 = 4*q - 0. What is the remainder when 34 is divided by s?
2
Suppose -168 = -0*z - 7*z. Suppose z = 22*l - 19*l. Let j(g) = -g**3 - 2*g**2 + 3*g + 3. Calculate the remainder when l is divided by j(-3).
2
Suppose 171 - 483 = -3*b + 5*k, -b + 4*k + 104 = 0. Let h = 166 - b. Let i = h - 12. What is the remainder when i is divided by 17?
16
Suppose 0 = -3*n + 7*n - 12. Suppose n*q - 100 - 38 = 0. What is the remainder when q is divided by (-106)/(-9) + 4/18?
10
Let x(a) = a**2. Let t be x(2). Suppose -2*p - t*p = -1050. Suppose 4*m - p = 9. Calculate the remainder when m is divided by 12.
10
Let q be (-9)/(3/8*2). Let y be (-3)/9*-1*(-5 + -1). What is the remainder when (-63)/y - 18/q is divided by 17?
16
Let k(z) = 2*z**3 - 23*z**2 + 5*z + 87. Calculate the remainder when k(11) is divided by 12.
9
Suppose 3*b - 44 = 31. Let l be (72/